{"id":28894,"date":"2022-02-18T14:16:04","date_gmt":"2022-02-18T13:16:04","guid":{"rendered":"https:\/\/afae.ch\/?page_id=28894"},"modified":"2022-02-21T13:22:13","modified_gmt":"2022-02-21T12:22:13","slug":"nos-objectifs-strategiques","status":"publish","type":"page","link":"https:\/\/www.afae.ch\/nos-objectifs-strategiques\/","title":{"rendered":"Nos objectifs strat\u00e9giques"},"content":{"rendered":"<p>[et_pb_section fb_built=\u00a0\u00bb1&Prime; _builder_version=\u00a0\u00bb4.14.7&Prime; _module_preset=\u00a0\u00bbdefault\u00a0\u00bb background_image=\u00a0\u00bbhttps:\/\/afae.ch\/wp-content\/uploads\/2022\/02\/child-1864718_1920-1.jpg\u00a0\u00bb custom_padding=\u00a0\u00bb||233px|||\u00a0\u00bb global_colors_info=\u00a0\u00bb{}\u00a0\u00bb][\/et_pb_section][et_pb_section fb_built=\u00a0\u00bb1&Prime; _builder_version=\u00a0\u00bb4.14.7&Prime; _module_preset=\u00a0\u00bbdefault\u00a0\u00bb global_colors_info=\u00a0\u00bb{}\u00a0\u00bb][et_pb_row _builder_version=\u00a0\u00bb4.14.7&Prime; _module_preset=\u00a0\u00bbdefault\u00a0\u00bb global_colors_info=\u00a0\u00bb{}\u00a0\u00bb][et_pb_column type=\u00a0\u00bb4_4&Prime; _builder_version=\u00a0\u00bb4.14.7&Prime; _module_preset=\u00a0\u00bbdefault\u00a0\u00bb global_colors_info=\u00a0\u00bb{}\u00a0\u00bb][et_pb_text _builder_version=\u00a0\u00bb4.14.7&Prime; _module_preset=\u00a0\u00bbdefault\u00a0\u00bb custom_padding=\u00a0\u00bb||6px|||\u00a0\u00bb global_colors_info=\u00a0\u00bb{}\u00a0\u00bb]<\/p>\n<h1>Nos axes strat\u00e9giques 2022-2026 sont les suivants\u00a0<\/h1>\n<p>&nbsp;<\/p>\n<table>\n<tbody>\n<tr>\n<td style=\"width: 163.219px;\">\n<p><strong>Axes<\/strong><\/p>\n<\/td>\n<td style=\"width: 415.594px;\">\n<p><strong>Objectifs<\/strong><\/p>\n<\/td>\n<td style=\"width: 500.188px;\">\n<p><strong>Actions <\/strong><\/p>\n<\/td>\n<\/tr>\n<tr>\n<td rowspan=\"9\" style=\"width: 163.219px;\">\n<p><strong>Axe politique <\/strong><\/p>\n<\/td>\n<td rowspan=\"3\" style=\"width: 415.594px;\">\n<p>Faire conna\u00eetre et d\u00e9fendre aupr\u00e8s des autorit\u00e9s cantonales et du public les besoins et int\u00e9r\u00eats politiques et financiers des structures d\u2019accueil extrafamilial, des enfants accueillis et de leur famille.<\/p>\n<\/td>\n<td style=\"width: 500.188px;\">\n<p>Politiser les besoins de renforcement des directives cantonales et des financements afin que l\u2019ensemble de l\u2019offre puisse disposer de moyens identiques sur l\u2019ensemble du canton<\/p>\n<\/td>\n<\/tr>\n<tr>\n<td style=\"width: 500.188px;\">\n<p>Int\u00e9grer des personnalit\u00e9s politiques dans le comit\u00e9<\/p>\n<\/td>\n<\/tr>\n<tr>\n<td style=\"width: 500.188px;\">\n<p>M\u00e9diatiser les conclusions de nos recherches<\/p>\n<\/td>\n<\/tr>\n<tr>\n<td rowspan=\"2\" style=\"width: 415.594px;\">\n<p>Veiller \u00e0 ce que le financement des accueils soit pris en compte pour une grande partie par les pouvoirs publics afin que leurs co\u00fbts les rendent accessibles \u00e0 toutes les familles\u00a0<\/p>\n<\/td>\n<td style=\"width: 500.188px;\">\n<p>Mener une recherche sur les solutions de garde choisies par les parents, les raisons, les besoins et les attentes (du m\u00eame type que celle faite r\u00e9cemment par l\u2019OFAS au niveau national).<\/p>\n<\/td>\n<\/tr>\n<tr>\n<td style=\"width: 500.188px;\">\n<p>Mettre en exergue par district, les d\u00e9penses communales pour l\u2019accueil de jour (en se basant sur les stats FCGF)<\/p>\n<\/td>\n<\/tr>\n<tr>\n<td style=\"width: 415.594px;\">\n<p>Favoriser le d\u00e9veloppement d\u2019accueils pour les enfants de 0 \u00e0 12 ans accessibles \u00e0 toutes et \u00e0 tous<\/p>\n<\/td>\n<td style=\"width: 500.188px;\">\n<p>Mener une recherche afin de connaitre le nombre de places par district et leurs co\u00fbts pour les parents<\/p>\n<\/td>\n<\/tr>\n<tr>\n<td rowspan=\"3\" style=\"width: 415.594px;\">\n<p>D\u00e9fendre aupr\u00e8s des politiques des conditions d\u2019accueil de qualit\u00e9 (THPE\u00a0; taux et normes d\u2019encadrement (stagiaire, apprentis))<\/p>\n<\/td>\n<td style=\"width: 500.188px;\">\n<p>Mener une \u00e9tude comparative sur le fonctionnement des autres cantons afin de mettre en exergue la plus-value du personnel form\u00e9 et avoir des \u00e9l\u00e9ments objectifs permettant de l\u2019\u00e9valuer<\/p>\n<\/td>\n<\/tr>\n<tr>\n<td style=\"width: 500.188px;\">\n<p>Augmenter les exigences de base pour les mamans de jour avec la proposition d\u2019une formation de base<\/p>\n<\/td>\n<\/tr>\n<tr>\n<td style=\"width: 500.188px;\">\n<p>A long terme, proposer une CCT pour le domaine de l\u2019enfance<\/p>\n<\/td>\n<\/tr>\n<tr>\n<td style=\"width: 163.219px;\">\n<p><strong>Axe financier <\/strong><\/p>\n<\/td>\n<td style=\"width: 415.594px;\">\n<p>Cr\u00e9er des partenariats avec des entreprises afin de n\u00e9gocier des tarifs pr\u00e9f\u00e9rentiels<\/p>\n<\/td>\n<td style=\"width: 500.188px;\">\n<p>Rencontrer et n\u00e9gocier avec des fournisseurs de mobilier pour le domaine de l\u2019enfance et de mat\u00e9riel p\u00e9dagogique\u00a0; des d\u00e9veloppeurs informatiques, des graphistes, et des fournisseurs de mat\u00e9riel informatique.<\/p>\n<\/td>\n<\/tr>\n<tr>\n<td style=\"width: 163.219px;\">\n<p><strong>Axe formation continue <\/strong><\/p>\n<\/td>\n<td style=\"width: 415.594px;\">\n<p>Elle veille \u00e0 centraliser et faire connaitre l\u2019offre de formation existante et favorise les synergies des catalogues de formation existants.<\/p>\n<\/td>\n<td style=\"width: 500.188px;\">\n<p>Sur le site internet, donner l\u2019acc\u00e8s \u00e0 l\u2019ensemble de l\u2019offre de formation du domaine de l\u2019enfance.<\/p>\n<\/td>\n<\/tr>\n<tr>\n<td style=\"width: 163.219px;\"><\/td>\n<td style=\"width: 415.594px;\"><\/td>\n<td style=\"width: 500.188px;\"><\/td>\n<\/tr>\n<\/tbody>\n<\/table>\n<p>&nbsp;<\/p>\n<p>[\/et_pb_text][\/et_pb_column][\/et_pb_row][\/et_pb_section]<\/p>\n","protected":false},"excerpt":{"rendered":"<p>Nos axes strat\u00e9giques 2022-2026 sont les suivants\u00a0 &nbsp; Axes Objectifs Actions Axe politique Faire conna\u00eetre et d\u00e9fendre aupr\u00e8s des autorit\u00e9s cantonales et du public les besoins et int\u00e9r\u00eats politiques et financiers des structures d\u2019accueil extrafamilial, des enfants accueillis et de leur famille. Politiser les besoins de renforcement des directives cantonales et des financements afin que [&hellip;]<\/p>\n","protected":false},"author":1,"featured_media":0,"parent":0,"menu_order":0,"comment_status":"closed","ping_status":"closed","template":"","meta":{"_et_pb_use_builder":"on","_et_pb_old_content":"","_et_gb_content_width":"","footnotes":""},"class_list":["post-28894","page","type-page","status-publish","hentry"],"yoast_head":"<!-- This site is optimized with the Yoast SEO plugin v27.4 - https:\/\/yoast.com\/product\/yoast-seo-wordpress\/ -->\n<title>Nos objectifs strat\u00e9giques - Alliance Fribourgeoise des Acteurs de l&#039;Enfance AFAE<\/title>\n<meta name=\"robots\" content=\"index, follow, max-snippet:-1, max-image-preview:large, max-video-preview:-1\" \/>\n<link rel=\"canonical\" href=\"https:\/\/www.afae.ch\/nos-objectifs-strategiques\/\" \/>\n<meta property=\"og:locale\" content=\"fr_FR\" \/>\n<meta property=\"og:type\" content=\"article\" \/>\n<meta property=\"og:title\" content=\"Nos objectifs strat\u00e9giques - Alliance Fribourgeoise des Acteurs de l&#039;Enfance AFAE\" \/>\n<meta property=\"og:description\" content=\"Nos axes strat\u00e9giques 2022-2026 sont les suivants\u00a0 &nbsp; Axes Objectifs Actions Axe politique Faire conna\u00eetre et d\u00e9fendre aupr\u00e8s des autorit\u00e9s cantonales et du public les besoins et int\u00e9r\u00eats politiques et financiers des structures d\u2019accueil extrafamilial, des enfants accueillis et de leur famille. Politiser les besoins de renforcement des directives cantonales et des financements afin que [&hellip;]\" \/>\n<meta property=\"og:url\" content=\"https:\/\/www.afae.ch\/nos-objectifs-strategiques\/\" \/>\n<meta property=\"og:site_name\" content=\"Alliance Fribourgeoise des Acteurs de l&#039;Enfance AFAE\" \/>\n<meta property=\"article:modified_time\" content=\"2022-02-21T12:22:13+00:00\" \/>\n<meta name=\"twitter:card\" content=\"summary_large_image\" \/>\n<meta name=\"twitter:label1\" content=\"Dur\u00e9e de lecture estim\u00e9e\" \/>\n\t<meta name=\"twitter:data1\" content=\"2 minutes\" \/>\n<script type=\"application\/ld+json\" class=\"yoast-schema-graph\">{\"@context\":\"https:\\\/\\\/schema.org\",\"@graph\":[{\"@type\":\"WebPage\",\"@id\":\"https:\\\/\\\/www.afae.ch\\\/nos-objectifs-strategiques\\\/\",\"url\":\"https:\\\/\\\/www.afae.ch\\\/nos-objectifs-strategiques\\\/\",\"name\":\"Nos objectifs strat\u00e9giques - Alliance Fribourgeoise des Acteurs de l&#039;Enfance AFAE\",\"isPartOf\":{\"@id\":\"https:\\\/\\\/www.afae.ch\\\/#website\"},\"datePublished\":\"2022-02-18T13:16:04+00:00\",\"dateModified\":\"2022-02-21T12:22:13+00:00\",\"breadcrumb\":{\"@id\":\"https:\\\/\\\/www.afae.ch\\\/nos-objectifs-strategiques\\\/#breadcrumb\"},\"inLanguage\":\"fr-FR\",\"potentialAction\":[{\"@type\":\"ReadAction\",\"target\":[\"https:\\\/\\\/www.afae.ch\\\/nos-objectifs-strategiques\\\/\"]}]},{\"@type\":\"BreadcrumbList\",\"@id\":\"https:\\\/\\\/www.afae.ch\\\/nos-objectifs-strategiques\\\/#breadcrumb\",\"itemListElement\":[{\"@type\":\"ListItem\",\"position\":1,\"name\":\"Accueil\",\"item\":\"https:\\\/\\\/www.afae.ch\\\/\"},{\"@type\":\"ListItem\",\"position\":2,\"name\":\"Nos objectifs strat\u00e9giques\"}]},{\"@type\":\"WebSite\",\"@id\":\"https:\\\/\\\/www.afae.ch\\\/#website\",\"url\":\"https:\\\/\\\/www.afae.ch\\\/\",\"name\":\"Alliance Fribourgeoise des Acteurs de l&#039;Enfance AFAE\",\"description\":\"Alliance Fribourgeoise des Acteurs de l&#039;Enfance AFAE\",\"publisher\":{\"@id\":\"https:\\\/\\\/www.afae.ch\\\/#organization\"},\"potentialAction\":[{\"@type\":\"SearchAction\",\"target\":{\"@type\":\"EntryPoint\",\"urlTemplate\":\"https:\\\/\\\/www.afae.ch\\\/?s={search_term_string}\"},\"query-input\":{\"@type\":\"PropertyValueSpecification\",\"valueRequired\":true,\"valueName\":\"search_term_string\"}}],\"inLanguage\":\"fr-FR\"},{\"@type\":\"Organization\",\"@id\":\"https:\\\/\\\/www.afae.ch\\\/#organization\",\"name\":\"Alliance Fribourgeoise des Acteurs de l'Enfance\",\"url\":\"https:\\\/\\\/www.afae.ch\\\/\",\"logo\":{\"@type\":\"ImageObject\",\"inLanguage\":\"fr-FR\",\"@id\":\"https:\\\/\\\/www.afae.ch\\\/#\\\/schema\\\/logo\\\/image\\\/\",\"url\":\"https:\\\/\\\/afae.ch\\\/wp-content\\\/uploads\\\/2022\\\/02\\\/AFAE-.png\",\"contentUrl\":\"https:\\\/\\\/afae.ch\\\/wp-content\\\/uploads\\\/2022\\\/02\\\/AFAE-.png\",\"width\":1500,\"height\":1500,\"caption\":\"Alliance Fribourgeoise des Acteurs de l'Enfance\"},\"image\":{\"@id\":\"https:\\\/\\\/www.afae.ch\\\/#\\\/schema\\\/logo\\\/image\\\/\"}}]}<\/script>\n<!-- \/ Yoast SEO plugin. -->","yoast_head_json":{"title":"Nos objectifs strat\u00e9giques - Alliance Fribourgeoise des Acteurs de l&#039;Enfance AFAE","robots":{"index":"index","follow":"follow","max-snippet":"max-snippet:-1","max-image-preview":"max-image-preview:large","max-video-preview":"max-video-preview:-1"},"canonical":"https:\/\/www.afae.ch\/nos-objectifs-strategiques\/","og_locale":"fr_FR","og_type":"article","og_title":"Nos objectifs strat\u00e9giques - Alliance Fribourgeoise des Acteurs de l&#039;Enfance AFAE","og_description":"Nos axes strat\u00e9giques 2022-2026 sont les suivants\u00a0 &nbsp; Axes Objectifs Actions Axe politique Faire conna\u00eetre et d\u00e9fendre aupr\u00e8s des autorit\u00e9s cantonales et du public les besoins et int\u00e9r\u00eats politiques et financiers des structures d\u2019accueil extrafamilial, des enfants accueillis et de leur famille. Politiser les besoins de renforcement des directives cantonales et des financements afin que [&hellip;]","og_url":"https:\/\/www.afae.ch\/nos-objectifs-strategiques\/","og_site_name":"Alliance Fribourgeoise des Acteurs de l&#039;Enfance AFAE","article_modified_time":"2022-02-21T12:22:13+00:00","twitter_card":"summary_large_image","twitter_misc":{"Dur\u00e9e de lecture estim\u00e9e":"2 minutes"},"schema":{"@context":"https:\/\/schema.org","@graph":[{"@type":"WebPage","@id":"https:\/\/www.afae.ch\/nos-objectifs-strategiques\/","url":"https:\/\/www.afae.ch\/nos-objectifs-strategiques\/","name":"Nos objectifs strat\u00e9giques - Alliance Fribourgeoise des Acteurs de l&#039;Enfance AFAE","isPartOf":{"@id":"https:\/\/www.afae.ch\/#website"},"datePublished":"2022-02-18T13:16:04+00:00","dateModified":"2022-02-21T12:22:13+00:00","breadcrumb":{"@id":"https:\/\/www.afae.ch\/nos-objectifs-strategiques\/#breadcrumb"},"inLanguage":"fr-FR","potentialAction":[{"@type":"ReadAction","target":["https:\/\/www.afae.ch\/nos-objectifs-strategiques\/"]}]},{"@type":"BreadcrumbList","@id":"https:\/\/www.afae.ch\/nos-objectifs-strategiques\/#breadcrumb","itemListElement":[{"@type":"ListItem","position":1,"name":"Accueil","item":"https:\/\/www.afae.ch\/"},{"@type":"ListItem","position":2,"name":"Nos objectifs strat\u00e9giques"}]},{"@type":"WebSite","@id":"https:\/\/www.afae.ch\/#website","url":"https:\/\/www.afae.ch\/","name":"Alliance Fribourgeoise des Acteurs de l&#039;Enfance AFAE","description":"Alliance Fribourgeoise des Acteurs de l&#039;Enfance AFAE","publisher":{"@id":"https:\/\/www.afae.ch\/#organization"},"potentialAction":[{"@type":"SearchAction","target":{"@type":"EntryPoint","urlTemplate":"https:\/\/www.afae.ch\/?s={search_term_string}"},"query-input":{"@type":"PropertyValueSpecification","valueRequired":true,"valueName":"search_term_string"}}],"inLanguage":"fr-FR"},{"@type":"Organization","@id":"https:\/\/www.afae.ch\/#organization","name":"Alliance Fribourgeoise des Acteurs de l'Enfance","url":"https:\/\/www.afae.ch\/","logo":{"@type":"ImageObject","inLanguage":"fr-FR","@id":"https:\/\/www.afae.ch\/#\/schema\/logo\/image\/","url":"https:\/\/afae.ch\/wp-content\/uploads\/2022\/02\/AFAE-.png","contentUrl":"https:\/\/afae.ch\/wp-content\/uploads\/2022\/02\/AFAE-.png","width":1500,"height":1500,"caption":"Alliance Fribourgeoise des Acteurs de l'Enfance"},"image":{"@id":"https:\/\/www.afae.ch\/#\/schema\/logo\/image\/"}}]}},"_links":{"self":[{"href":"https:\/\/www.afae.ch\/wp-json\/wp\/v2\/pages\/28894","targetHints":{"allow":["GET"]}}],"collection":[{"href":"https:\/\/www.afae.ch\/wp-json\/wp\/v2\/pages"}],"about":[{"href":"https:\/\/www.afae.ch\/wp-json\/wp\/v2\/types\/page"}],"author":[{"embeddable":true,"href":"https:\/\/www.afae.ch\/wp-json\/wp\/v2\/users\/1"}],"replies":[{"embeddable":true,"href":"https:\/\/www.afae.ch\/wp-json\/wp\/v2\/comments?post=28894"}],"version-history":[{"count":5,"href":"https:\/\/www.afae.ch\/wp-json\/wp\/v2\/pages\/28894\/revisions"}],"predecessor-version":[{"id":29014,"href":"https:\/\/www.afae.ch\/wp-json\/wp\/v2\/pages\/28894\/revisions\/29014"}],"wp:attachment":[{"href":"https:\/\/www.afae.ch\/wp-json\/wp\/v2\/media?parent=28894"}],"curies":[{"name":"wp","href":"https:\/\/api.w.org\/{rel}","templated":true}]}}